-7*f = -9 - 26. Let j = 1 + 13. What is the remainder when j is divided by f?
4
Suppose g - 14 = 2*r, -r = 4*g + 2*r - 67. What is the remainder when g is divided by 9?
7
Let z(s) = s**2 + 4*s + 14. Let d be z(-6). Let k = 8 + d. What is the remainder when k is divided by 12?
10
Let f(d) be the first derivative of -d**2/2 + 12*d + 3. Calculate the remainder when 8 is divided by f(9).
2
Suppose -4*v = -3*p - 59, p - 14 = -v + 2*p. What is the remainder when 99 is divided by v?
14
Let m be 3/(-3*(-1)/2). What is the remainder when 52 is divided by 3*(m - (-5 + 1))?
16
Let b = -26 + 46. Suppose 3*s - a = 3*a + 68, -b = 4*a. What is the remainder when 46 is divided by s?
14
Let z be 2/((-4)/5)*-2. Suppose u - z*u = -8. Suppose -u*i - 1 + 58 = 3*r, -i + r + 31 = 0. What is the remainder when i is divided by 16?
14
Let l = -51 + 104. What is the remainder when l is divided by 19?
15
Let g = -3 + 15. Calculate the remainder when 46 is divided by g.
10
Calculate the remainder when 52 is divided by (-114)/(-10) + (-14)/35.
8
Let c be 2 - 0 - 20/(-1). Let u = c + -12. Suppose -n + 5 + 23 = 0. Calculate the remainder when n is divided by u.
8
Let h be 12/18 - 8/(-6). Suppose -3*f - 35 = -2*c, 0 = h*f - f - 1. What is the remainder when c is divided by 10?
9
Suppose 4*l + 280 = 4*v - 20, 2*v + 3*l = 170. Calculate the remainder when v is divided by 20.
19
Let o(j) = j - 2. Let d be o(1). Calculate the remainder when 21 is divided by (-23 + 2 + d)/(-2).
10
Suppose 3*b + k = 6*k + 85, 4*b - 4*k = 100. Calculate the remainder when 36 is divided by b.
16
Calculate the remainder when (264/(-30))/((-2)/5) is divided by -2 + (1 - 1) + 10.
6
Suppose -9 = -2*z + 11. Let q = -3 + z. What is the remainder when 20 is divided by q?
6
Calculate the remainder when 39 is divided by -14 + 12 + 18 + -1.
9
Let g(y) = y**2 + 4*y - 3. Let f be g(-5). Suppose -5*c = -1 + 11, -c = f*m - 10. Calculate the remainder when 37/(-2)*(4 - m) is divided by 13.
11
Suppose -b - 96 = -4*b. Let a = -16 + 27. What is the remainder when b is divided by a?
10
Suppose a - 22 = -2*l, -3*a + 2*l - 5*l + 66 = 0. Calculate the remainder when 87 is divided by a.
21
Calculate the remainder when (-32)/(-24) - 238/(-6) is divided by 24.
17
Let s(n) = -2*n**2 - 66*n + 23. What is the remainder when 39 is divided by s(-33)?
16
What is the remainder when (-17 - 65)*2/(-4) is divided by 11?
8
Calculate the remainder when 56 is divided by (-9)/27*(-87 - 0).
27
Suppose -3*v + 5*h + 6 + 124 = 0, 3*v = h + 110. Let f be (-124)/7 - (-6)/(-21). Let r = f - -36. Calculate the remainder when v is divided by r.
17
Suppose 2 + 38 = 2*p. Calculate the remainder when p is divided by 11.
9
Let h = 4 + -6. Suppose -m + 4*f = 3*m - 212, 0 = m + 5*f - 23. Calculate the remainder when 30 is divided by (m/15)/(h/(-10)).
14
Let p(f) = f**3 - 6*f**2 - 5*f - 8. What is the remainder when 15 is divided by p(7)?
3
Let v = -9 + 15. Let l(s) = -s**3 + 5*s**2 + 7*s + 8. Calculate the remainder when 39 is divided by l(v).
11
Let c(j) = 2*j**2 - 7*j. What is the remainder when 117 is divided by c(5)?
12
Let m = 9 - -3. Suppose 3*x + m - 66 = 0. What is the remainder when 52 is divided by x?
16
Calculate the remainder when 31 is divided by 20*18/48 - (-1)/2.
7
Suppose -5 = j - 4*k - 19, 5*j - 100 = 5*k. Suppose 85 = 3*u - 38. What is the remainder when u is divided by j?
19
Calculate the remainder when 55 is divided by 1 + 27 + 4 + -4.
27
Let d(l) = 7*l. Let f be d(-1). Let i = -4 - f. Suppose -2*g + 62 = -0*g + 3*o, i*o = 12. What is the remainder when g is divided by 13?
12
Calculate the remainder when 57 is divided by 18 + -1 + (-27)/(-9).
17
Let w = 45 - 37. Calculate the remainder when 30 is divided by w.
6
Suppose -4*f + 24 = 2*l - 20, 0 = f + l - 10. What is the remainder when 23 is divided by f?
11
Let x(s) be the first derivative of s**4/4 + 7*s**3/3 - 5*s**2 - 6*s - 1. What is the remainder when x(-8) is divided by 4?
2
Let z be 0/(-2*4/(-8)). Suppose f - 2*k = 14, 37 - 9 = 4*f - k. Suppose 0 = -2*l + f, z = 4*u + 4*l - 36 - 0. What is the remainder when 10 is divided by u?
4
Suppose -w = -2*c + 1, 0 = 2*w + 2*c - 4*c + 2. Let x(k) = 7*k**2 + k. What is the remainder when 16 is divided by x(w)?
4
Let l = -10 + 13. Suppose -o + 6 = l. Suppose -5*s + t + 42 = 0, 3*s + 3*t + 19 - 55 = 0. Calculate the remainder when s is divided by o.
0
Let y(i) = -2*i**3 + 3*i**2 - 2*i + 3. Let o(w) = -4*w**3 + 7*w**2 - 5*w + 7. Let m(r) = 4*o(r) - 9*y(r). Calculate the remainder when 65 is divided by m(2).
14
Let t = 50 - 29. Let k(a) be the third derivative of 11*a**4/24 - 3*a**2. What is the remainder when t is divided by k(1)?
10
Calculate the remainder when 82 is divided by (-33)/(-2) - 9/(-18).
14
Let j be -1 + -3 + 14 + 2. Let b(w) = w**3 - 12*w**2 + 16*w - 8. Let k be b(j). Suppose t + 3*t - k = 0. What is the remainder when t is divided by 12?
10
Let d = -6 - -27. Calculate the remainder when 41 is divided by d.
20
Let g = 3 + 20. What is the remainder when 66 is divided by g?
20
Let y = 144 - 105. Let v(t) = t**2 - 4*t + 5. Calculate the remainder when y is divided by v(5).
9
Let r(u) be the second derivative of -u**5/20 + u**4/3 + u**3/2 - 2*u**2 + u. Let m = 17 + 0. Calculate the remainder when r(-3) is divided by m.
16
Suppose 8*u - 11*u + 51 = 0. Let t(c) = -33*c**3. Calculate the remainder when t(-1) is divided by u.
16
Let b = -38 - -75. Calculate the remainder when b is divided by 10.
7
Let t = 44 + -32. Calculate the remainder when 35 is divided by t.
11
Suppose 0 = 2*w + w - 228. Calculate the remainder when w is divided by 26.
24
Suppose -5*j = 2*r - 0*j + 1, 0 = -j - 3. What is the remainder when 15 is divided by r?
1
Let b = 2 - 2. Suppose -39 = -b*w - 3*w. Calculate the remainder when 37 is divided by w*1*2/2.
11
Let h = -21 - -30. What is the remainder when 34 is divided by h?
7
Let g = 16 - 73. Let m = -21 - g. Let q = m - 22. Calculate the remainder when 26 is divided by q.
12
Let k(j) be the first derivative of j**4/4 + j**3/3 - 2*j**2 - 3*j - 3. Calculate the remainder when k(-2) is divided by 1.
0
Suppose -28 = 3*g - 151. What is the remainder when 121 is divided by g?
39
Suppose -4*f + 2*f + 18 = 5*j, 3*j - 18 = -3*f. Calculate the remainder when 1/(246/122 - j) is divided by 16.
13
Suppose 123 = 2*k - 25. What is the remainder when k is divided by 19?
17
Suppose -5*g + 38 = -0*p - p, -4*g + p + 31 = 0. Let r(t) = -1 - 9*t + 12*t + 11*t. Calculate the remainder when r(1) is divided by g.
6
Let d(h) be the third derivative of -h**4/24 + h**3/6 + 2*h**2. Let v = 8 - 15. Calculate the remainder when 15 is divided by d(v).
7
Suppose -j - 2 = -12. Suppose 3*l = -4*s + 63, -3*s + 8*s = 4*l + 102. What is the remainder when s is divided by j?
8
Suppose -2*h = -2*l + 15 - 3, -21 = -4*l + 5*h. Calculate the remainder when l is divided by 5.
4
Suppose -9 = 5*f - 0*q - 3*q, 2*f = 2*q - 2. Calculate the remainder when (3 + (-35)/10)*-14 is divided by 1 + (0 - f/1).
3
Suppose -6*a - 50 = -a. Let d = a + 17. What is the remainder when 19 is divided by d?
5
Let v = -3 - -4. Suppose v + 34 = 5*u. Suppose 0 = 3*b - 13 - 23. Calculate the remainder when b is divided by u.
5
Suppose 5*u - 16 = 4. What is the remainder when 7 is divided by u?
3
Let h = -62 - -81. What is the remainder when 113 is divided by h?
18
Suppose -5*n + 25 = -0*n. Suppose n*p = -0*p + 230. Calculate the remainder when p is divided by 24.
22
Suppose -62 - 33 = -5*k. Let x = -9 + k. What is the remainder when 19 is divided by x?
9
Suppose 0 = -3*p + 15, 3*n - p - 945 = -254. Suppose -n = c - 5*c. What is the remainder when 8/20 - c/(-5) is divided by 5?
2
Let t(u) = 99*u**2 + 2*u. What is the remainder when t(-1) is divided by 9?
7
Let u(q) = 3*q**2 - 8*q - 8. What is the remainder when 53 is divided by u(5)?
26
Let x = -6 + 25. Calculate the remainder when x is divided by 8.
3
Calculate the remainder when 81 is divided by 8/(-6)*510/(-40).
13
Suppose t - 7 = -3*z, 2*t - 15 = -z + 4. Let h = -3 - -6. What is the remainder when t is divided by h?
1
Let b(y) = -y**2 - 29*y + 12. What is the remainder when b(-13) is divided by 37?
35
Let g(f) = f**3 - 15*f**2 - 61*f - 16. What is the remainder when g(19) is divided by 45?
44
Calculate the remainder when (-70